is divided by u(l).
32
Let j(y) = y**3 + 14*y**2 - 15*y + 27. Let h be j(-15). Let r = h + -7. What is the remainder when 21 is divided by (-3)/(-2)*(-11)/((-55)/r)?
3
Let h = 2575 + -2502. What is the remainder when 4596 is divided by h?
70
Calculate the remainder when 100 is divided by (-42 - -5)/((5 - 10) + 4).
26
Let m(y) = -y - 15. Let z be m(-15). Let t = z - 7. Let j(b) = -b**2 - 7*b + 12. What is the remainder when 69 is divided by j(t)?
9
Let o(t) = -4*t**3 + 513*t**2 + 1446*t - 47. What is the remainder when 657 is divided by o(131)?
49
Let x(n) = 92*n + 1749. Calculate the remainder when 242 is divided by x(-18).
56
Let f be ((-9)/(-6))/(6/8). Suppose -f*w - 49 = -3*w. Let n(h) = 2*h**2 + 24*h + 81. Calculate the remainder when w is divided by n(-4).
15
Let b(g) = 14*g**2 - 4*g + 3. What is the remainder when b(2) is divided by 5 + (-1185)/(-90) - (-3)/(-90)*5?
15
Let z = 21292 - 21053. Calculate the remainder when z is divided by 3/(-2)*88/(-6).
19
Let p = 31 + -33. Let v be (-2310)/45 - 1/((-3)/p). Let r = v - -82. Calculate the remainder when r is divided by 18.
12
Suppose 297 = -13*a + 1350. Calculate the remainder when a is divided by 36.
9
Suppose 2*i - 108 = -v - 3*v, -i - 142 = -5*v. Let t = 126 - v. Calculate the remainder when t is divided by 4.
2
Suppose 24*s + 128 = 416. Let t = 23 + -31. Let w(i) = -i + 23. Calculate the remainder when w(t) is divided by s.
7
Let i(o) = o**3 - 5*o**2 - 8*o. Suppose -184 = 108*m - 116*m. What is the remainder when i(7) is divided by m?
19
Let n be ((-10)/5)/(-2) - -6. Suppose n*b - 3*b = 20. Suppose b*f = 37 - 17. What is the remainder when 15 is divided by f?
3
Suppose -r + 683*i + 1282 = 680*i, 0 = -5*r - i + 6394. Calculate the remainder when r is divided by 23.
14
Let z(y) = 2*y**2 + 66*y + 1853. What is the remainder when z(-26) is divided by 13?
7
Suppose 0 = 13*q + 9*q - 396. Suppose -12 = 3*n, 2*n - 4 = m - q. What is the remainder when m is divided by 2?
0
Suppose -9*y + 3*y + 5508 = 6*y. What is the remainder when y is divided by 78?
69
Suppose 86 - 1581 = -65*f. Let w be (-1 - 0)*0*1. Calculate the remainder when w - (-1 + 112)*-1 is divided by f.
19
Suppose -1265 = 11*q - 613 - 872. Calculate the remainder when 3858 is divided by q.
18
Suppose 0 = 2*y + 3*y - 95. Let z(w) = w + 17. Let b be z(7). Suppose -12*r = -b*r + 60. What is the remainder when y is divided by r?
4
Suppose 6*a + 1377 - 5809 = 4622. Calculate the remainder when a is divided by 42.
39
Suppose 14*o = 7*o + 105. Let t be ((-16)/(-10))/(6/o). Suppose 3*u + m = 112, 4*u + 39 = -t*m + 183. What is the remainder when 111 is divided by u?
35
Suppose -12*f + 2958 = 17*f. Suppose 4*l = 2*w + 204, -2*l + w = -2*w - f. What is the remainder when 353 is divided by l?
47
Let g = 213 - 211. Calculate the remainder when (9/(g - 1))/(48/608) is divided by 17.
12
Suppose 48*a - 8657 - 2095 = 0. What is the remainder when 273 is divided by a?
49
Let i = 228 + -17. Let u = -2545 + 2618. What is the remainder when i is divided by u?
65
Let h(g) = -2*g + 14. Let u be h(-18). Suppose -u*c = -48*c - 30. What is the remainder when 192 is divided by c?
12
Suppose 2*p + 2*p - 5*g = -13, 4*g - 23 = -p. Suppose p*u + 32 - 23 = 0. What is the remainder when 98 is divided by (1 + (u - -1))*(-32 - -21)?
10
Let c(o) = -5*o**3 + 5*o**2 - 4*o - 7. Let t be c(-5). Suppose -24*b + 17*b + t = 0. Calculate the remainder when b is divided by 5.
4
Suppose -4*n + v = -242, 0 = n + 4*v - 18 - 51. What is the remainder when 156 is divided by (4 - 7) + -5 + n?
50
Let q(m) = -m**2 - 37*m - 11. Let z be q(-37). Let f(p) = p**2 + 8*p - 3. What is the remainder when 115 is divided by f(z)?
25
Suppose -4*c = -129 + 21. Let j(a) = a**3 + 35*a**2 + 309*a + 415. What is the remainder when j(-21) is divided by c?
19
What is the remainder when 3431 is divided by ((-202)/5)/((-5)/25*1)?
199
Suppose -2*g + 47 = 49. Calculate the remainder when 48 is divided by 18 - 10*g/(-2).
9
Let p(g) = -24*g - 141. Let k be p(-6). Calculate the remainder when k/9 + (-4)/12 - -169 is divided by 57.
55
Let q(j) = j**3 + 2*j - 2. Let z be q(1). Calculate the remainder when 226 is divided by z*7/(42/228).
36
Calculate the remainder when 10686/273 - 40 - 144408/(-14) is divided by 258.
252
Let c be (4 + 2 - 8) + 0/(-2). Let t = -7 - -12. What is the remainder when t is divided by 4 - 5 - (c + -2)?
2
Let b(a) = -52*a - 1. Suppose -40*x - 286 = -62*x. Calculate the remainder when b(-3) is divided by x.
12
Suppose -3*u + 286 = -101. Suppose 0*b + 4*r = -b + 1, r = -3*b + 36. Calculate the remainder when u is divided by b.
12
What is the remainder when 283 is divided by 11 + 380/(-19) + 47 + 0?
17
Suppose 6*q = -124 + 400. Calculate the remainder when q is divided by 20/240 + 238/24.
6
What is the remainder when 321 is divided by (24 + 14 - 15)*1?
22
Suppose -239 - 229 = -2*j. Suppose 0*s - 27 = -b - 4*s, -b = 3*s - 32. What is the remainder when j is divided by b?
46
Suppose -8*y + 825 = -2551. Let w = y - 1. Calculate the remainder when w is divided by 47.
45
Let q be (1 - -4)*(912/(-10))/(-3). Let l be 5/(-25) - q/(-10). Let t(f) = f**2 - 13*f - 26. Calculate the remainder when 19 is divided by t(l).
3
Let g(k) = k**2 + 3*k + 4. Let c be g(0). Suppose -c*j + 15 + 49 = 0. Let y = j - -11. Calculate the remainder when 51 is divided by y.
24
Suppose -108*a = -109*a + 2*h + 39, 97 = 3*a - h. Calculate the remainder when 110 is divided by a.
17
Let h = 14 + -29. Let f be (10/6)/(3 - (-40)/h). Suppose -3*p = -f*r - 6 - 76, -62 = -3*p + r. What is the remainder when p is divided by 4?
3
Suppose -2*j - 2*r = -216, -404 - 128 = -5*j - 3*r. Let x = 29 + j. What is the remainder when x is divided by 43?
4
Let g = 5013 - 3720. Calculate the remainder when g is divided by 37.
35
Let z = 16145 - 16045. What is the remainder when 4393 is divided by z?
93
Calculate the remainder when (-494)/(-33) - (-39)/1287 is divided by 3.
0
Let k = -73 + 335. What is the remainder when 88 is divided by (-4)/((-120)/(-6)) - k/(-10)?
10
Let t(y) = 12*y**2 + 173*y - 2. What is the remainder when 919 is divided by t(-15)?
95
Let m = 8992 + -5274. What is the remainder when 8/(-5) + 1 - m/(-55) is divided by 35?
32
Let r(j) = -3*j**2 + 14*j + 56. Let k be r(14). Let l = k + 383. Calculate the remainder when 66 is divided by l.
19
Suppose -3*y - 8*y + 1 = -120. Let m(d) = 2*d**2 + 5*d - 5. What is the remainder when m(8) is divided by y?
9
Suppose -11*r - 214 = -3*p - 6*r, 4*p - 308 = r. Let a = p - 73. Calculate the remainder when 45 is divided by a.
0
Suppose -3093*v = -3092*v - 1311. Calculate the remainder when v is divided by 66.
57
Suppose -8*t = -5*t - 201. Let a = t + -59. Calculate the remainder when (332/a)/(3/6 - 0) is divided by 42.
41
Let h = -92 - -368. Let z(s) = 5*s**2 + 3*s - 12. What is the remainder when h is divided by z(-4)?
52
Suppose 13*b = -2*b + 545 + 265. Calculate the remainder when 2860 is divided by b.
52
Let r be (-3 - -9 - 4) + (-3)/(-1). Suppose 0 = 2*w + 2, 2*g - r*w + 16 - 43 = 0. What is the remainder when 73 is divided by g?
7
What is the remainder when 2673 is divided by -2*(-5)/(-20)*96/(-8)?
3
Suppose 0 = -7*f + 16*f - 5013. Calculate the remainder when f is divided by 11.
7
Let o = -23 - -49. Let h = 262 + -74. Let q = h - 113. Calculate the remainder when q is divided by o.
23
Let v be (-15 - 1210/(-30))*(-3)/(-2). Suppose -1602 - 33016 = -v*c. What is the remainder when c is divided by 48?
47
Suppose 3*f = -3*y + 2097, -12*y + 7*y = -3*f - 3463. What is the remainder when y is divided by 20?
15
Let r = 19581 + -19432. Calculate the remainder when r is divided by 1 - (-9)/(-3) - -17.
14
Suppose 0 = -80*c + 121366 + 67914. Calculate the remainder when c is divided by 74.
72
Let d be (5 - 3)/(8/(-12)). Let i = 0 - d. Suppose 0 = g + 3*g + 3*n + 3, i*g - 5*n = 34. What is the remainder when g is divided by 3?
0
Suppose 5*c = -0*c + 840. Let o = 2894 - 2851. What is the remainder when c is divided by o?
39
What is the remainder when 470 is divided by (6 + -4)*(3157/(-14))/(-11)?
19
Suppose -6*v + 16 = -4*v. Let j(i) be the second derivative of i**3/6 + 9*i. What is the remainder when v is divided by j(2)?
0
Let b = 78 + -222. Calculate the remainder when 98 is divided by 44